 d. What are the prime factors of p?
2, 3
Let n(l) = -l**3 + 5*l**2 + 2. Let j be n(5). Let u be j/(-9) - 2/(-9). Suppose u = 3*s + s - 8. What are the prime factors of s?
2
Suppose -2*h = -4*h + 32. Let r = 24 - h. List the prime factors of r.
2
Suppose -5*x - 3*n + 61 + 178 = 0, 0 = 2*x - 2*n - 102. What are the prime factors of x?
7
Suppose -2*j = -6*j + 48. Let x be 45/12 - (-3)/j. Suppose 0 = -5*f + 4*f + x*c + 19, -2*f - c = -20. List the prime factors of f.
11
List the prime factors of (-2 + -1)*1695/(-45).
113
Let u = 5 + -4. Let d be 1 + 1 + u + -6. Let q = d - -8. List the prime factors of q.
5
Suppose -3*a - 4*u - 47 = 53, 3*a = 3*u - 135. Let x = a + 86. List the prime factors of x.
2, 23
Let b(q) = q**2 - 13*q**3 + 18*q - 5*q**2 + 3*q**2 + 12. Let d(l) = 7*l**3 - 9*l - 6. Let c(k) = -6*b(k) - 11*d(k). List the prime factors of c(-7).
2
Let v(t) be the second derivative of -t**5/20 - t**4/4 + 2*t**3/3 + 3*t**2 - 2*t. Let n be v(-4). Let s = 5 + n. What are the prime factors of s?
11
Suppose 8*o - 314 = 214. What are the prime factors of o?
2, 3, 11
Let u be (1 - 9)*3/(-2). Let b = 2 + u. Suppose -r = r - b. What are the prime factors of r?
7
What are the prime factors of 11/(440/464) - 4/(-10)?
2, 3
Let u be (-4)/6*(-4 - -1). Let m = 207 + -325. List the prime factors of u/10 + m/(-10).
2, 3
Suppose 11 = -4*f - 17. Suppose -b = 3*k - 43, 5*k + 5*b - 122 + 37 = 0. Let l = f + k. What are the prime factors of l?
2, 3
Let q be 21 + 2 + 2 + -1. Suppose i - q = 4*k, -2*i = 2*i + 2*k - 96. List the prime factors of i.
2, 3
Let n = -5 + 10. Let a(f) = f**3 - 5*f**2 + 3*f + 7. Let t be a(n). Let d = t - 9. List the prime factors of d.
13
Let k = 42 - 27. Let z = k + -9. What are the prime factors of z/(-4) + 27/2?
2, 3
Let u = 11 - -1. List the prime factors of u.
2, 3
Suppose 2*x = -x - 108. List the prime factors of 160/9 - 8/x.
2, 3
Let h be 1*-1 + 10/2. Suppose -4*c = -5*f - 29, h*f + 1 = 13. List the prime factors of c.
11
Let w(x) be the third derivative of 1/12*x**4 - 2*x**2 - 1/2*x**3 + 0 + 0*x. List the prime factors of w(6).
3
What are the prime factors of (48/(-20))/((-6)/20)?
2
Let f(w) = -2*w**2 + 21*w + 13. Let a(p) = -p**2 + 11*p + 7. Let y(b) = -11*a(b) + 6*f(b). Let s be y(4). What are the prime factors of s - (0 + 2*-1)?
7
Let r be 1*16*1/1. List the prime factors of 2/(-6)*(1 - r).
5
Suppose 12*u - 273 - 567 = 0. List the prime factors of u.
2, 5, 7
Let j(l) = -6*l**3 - l**2 - 2. Let v(g) = 6*g**3 + g**2 + 3. Let x(c) = 3*j(c) + 2*v(c). List the prime factors of x(-1).
5
Let q(c) = -2*c - 30*c**3 + 5 + c + 31*c**3. What are the prime factors of q(0)?
5
Let w(i) = 51*i - 22. List the prime factors of w(5).
233
Suppose 4*j + 15 = -5. Let i = 3 - j. What are the prime factors of i/12*66/4?
11
Let c(i) = -9*i. Let f be c(1). List the prime factors of f/3*(-40)/6.
2, 5
Let k(h) = 15*h + 9. Let i be k(-4). List the prime factors of -3*(-2)/(-9)*i.
2, 17
Suppose -4*t = t - 20. Suppose 16 = -t*b + 56. List the prime factors of b.
2, 5
Suppose 8 = 2*j - 0. Let k(x) = -2 - j*x - 1 - 1. What are the prime factors of k(-3)?
2
Suppose 0 = 4*w - 195 - 413. What are the prime factors of w?
2, 19
Suppose p = -n + 114, 3*p - 346 = -4*n + 5*n. What are the prime factors of p?
5, 23
Let j(g) = -g + 3. Let b be j(8). Let a(o) = -o**3 - 3*o**2 + 5*o - 6. List the prime factors of a(b).
19
Suppose -5*b = 11*b - 384. What are the prime factors of b?
2, 3
List the prime factors of (-6 - -1)*(-697)/85.
41
Suppose -30 = -2*c + 142. List the prime factors of c.
2, 43
Let u be 20/(-15)*1*-3. Let g be 4 - -2*2/u. Suppose g*p - 9 = 2*p. List the prime factors of p.
3
Suppose 3*o - o = 10. What are the prime factors of (o + -1)/((-4)/(-8))?
2
Let f = 387 - 223. What are the prime factors of f?
2, 41
Let c be (-2)/((-8)/860 + 0). Suppose -c = -5*u - 0*u. What are the prime factors of u?
43
Suppose -2 + 7 = i. Suppose 0 - i = l. Let g = 3 - l. List the prime factors of g.
2
Let n be (-68)/20 - 2/(-5). Let m = 3 + n. Suppose 3*f + m*f = 6. What are the prime factors of f?
2
Suppose -2*m = -4*t + 236, 0 = -5*t - 4*m - m + 295. What are the prime factors of t?
59
Let t(v) = v**2 + 4*v + 7. List the prime factors of t(-6).
19
Let v be 0 - 0 - (-70 + 4). Let r = -35 + v. List the prime factors of r.
31
Let j = -10 + 7. Let u = j + 2. What are the prime factors of u/(37/(-18) + 2)?
2, 3
Let i(j) = 10 + 0*j + 4 - 2*j + 3*j. List the prime factors of i(0).
2, 7
Let i(n) = 308*n**2 - 4*n + 3. What are the prime factors of i(1)?
307
Let j be 7/(4/(-80)*-4). Suppose -12 = w - j. List the prime factors of w.
23
Suppose 5*k - 180 = -b, -3*k + k + b + 72 = 0. Suppose o = -3*o + k. Suppose o + 15 = 2*r. List the prime factors of r.
2, 3
Let d = -1 - -1. Suppose h - a + 3*a - 19 = d, 45 = 3*h + 3*a. What are the prime factors of 0 + (-2 - -3) + h?
2, 3
Suppose l = -0*l + 7. Let b(c) = 4*c**2 - 7*c + 7 - 2*c**2 - c**2. What are the prime factors of b(l)?
7
List the prime factors of 3/(-9)*(-657)/(-6)*-2.
73
Suppose -3*h - 32 = -5*r, -8*h + 3*h - 4 = 4*r. Suppose -r*l + 3*l + 12 = 0. Suppose -4*c = 5*p - 17, p = 4*c - l - 23. List the prime factors of c.
2
Let i = -132 - -227. What are the prime factors of i?
5, 19
Suppose 95 = 3*d + 5*i, -5*d - 2*i + 0*i + 133 = 0. What are the prime factors of d?
5
Suppose p + 5 = -4*p. List the prime factors of 43/3 + p/3.
2, 7
Suppose 0*n - 2*n + 6 = 0. Suppose -6*s + n*s + 6 = 0. List the prime factors of s.
2
Let z = -2 + 5. Suppose -4*c + 36 = 5*k, -c - 1 + 17 = z*k. Suppose -12 + k = -4*n. List the prime factors of n.
2
Let c(r) = r**3 - 5*r**2 - 5*r - 1. Let w be c(6). Suppose w*q - 4*n = 180, 5*q - 3*n = 206 - 26. Suppose -3*b = -b - q. List the prime factors of b.
2, 3
Let w(c) be the second derivative of c**3/2 - 3*c**2 + 2*c. List the prime factors of w(5).
3
Let z(r) = 2*r**2 + 5*r + 5. Let w(s) = s - 12. Let j be w(7). Let k be z(j). Suppose 2*y + 4*g - k = 0, -2*y - 2*g + 35 = 3*g. List the prime factors of y.
5
Let c = 6 + 0. Let w = 15 - c. List the prime factors of w.
3
Let y be 3/(-5) + (-290)/(-25). Let v be ((-2)/(-3))/(4/6). Suppose p - v = y. What are the prime factors of p?
2, 3
Let j(b) = b**3 - 3*b**2 + 3*b + 3. Let x be j(3). What are the prime factors of (-9)/4*(8 - x)?
3
Let t(s) = 16*s - 1. Let f(z) = 8*z - 1. Let i(x) = -5*f(x) + 3*t(x). What are the prime factors of i(2)?
2, 3
Let u = -60 - -92. What are the prime factors of u?
2
Suppose -8 = -i + 5*i - 2*x, -3*i - 6 = 5*x. List the prime factors of (-14)/(-8)*-10*i.
5, 7
Suppose -4*k + 12 = -0. Let x(i) = -i - 2*i**2 + 6*i**2 + 5 - k*i**2. List the prime factors of x(0).
5
Suppose -4*m + 0*m = 4. Let n = -2 + 4. List the prime factors of 1 - (n - (3 - m)).
3
Suppose -71 = 3*a - 266. List the prime factors of a.
5, 13
Let t be 10/(-15) - (-2)/3. Suppose 17 = o - t*o. List the prime factors of o.
17
Suppose 5*p - 21 = -6. Let n(x) = x**2 + 11*x - 16. Let l be n(-13). List the prime factors of -1 + l + p + -3.
3
Suppose x - 98 = 64. List the prime factors of x.
2, 3
Let x(b) be the third derivative of b**4/8 + b**2. Let i be x(-2). What are the prime factors of (0 + i)/(6/(-4))?
2
Suppose -2*n - 141 = -2*f - n, 195 = 3*f + 4*n. List the prime factors of f.
3, 23
Let o = 189 + 38. List the prime factors of o.
227
Suppose -3*n = -5*n + 8. What are the prime factors of n/2 + 6 + -4?
2
Let c(j) = j**3 + 3*j**2 - 5*j - 2. Let u be c(-4). Suppose -33 = -u*h + h. List the prime factors of h.
3, 11
Suppose -6*r + 9 = -3*r + w, -4*r + 4*w = -12. Suppose 0 = 4*q - r*m - 61, -2*m - 1 = q - 6*m. Suppose -7 = 4*j - q. List the prime factors of j.
3
Let w be 1/(-4) - 744/(-32). List the prime factors of 4/(-14) - w/(-7).
3
Suppose 10*l - 1065 = 675. List the prime factors of l.
2, 3, 29
Let l(p) = -p**2 + 10*p - 7. What are the prime factors of l(7)?
2, 7
Let a(c) = c + 20. What are the prime factors of a(0)?
2, 5
Let d = 2 - -15. What are the prime factors of d?
17
Suppose -3*z + 2*j = -12 - 196, -3*z - 3*j = -198. What are the prime factors of z?
2, 17
Suppose -4*d + 0*c = 5*c - 86, -c - 74 = -4*d. Let t = d + -11. What are the prime factors of t?
2
Let q be 3 + -3 + 0 + 2. Let r be -1*(-2)/(-2) - -84. Suppose 5*o - r = q. What are the prime factors of o?
17
Let n